48?
317
Calculate the remainder when 2082 is divided by 95.
87
Calculate the remainder when 9400 is divided by 95.
90
What is the remainder when 22581 is divided by 129?
6
Calculate the remainder when 569084 is divided by 117.
113
What is the remainder when 8123 is divided by 301?
297
What is the remainder when 12583 is divided by 279?
28
What is the remainder when 24734 is divided by 917?
892
What is the remainder when 12824 is divided by 12?
8
What is the remainder when 4554 is divided by 160?
74
Calculate the remainder when 83035 is divided by 161.
120
What is the remainder when 1053 is divided by 254?
37
Calculate the remainder when 52355 is divided by 17.
12
Calculate the remainder when 121298 is divided by 236.
230
What is the remainder when 111116 is divided by 111?
5
What is the remainder when 57748 is divided by 1154?
48
Calculate the remainder when 1164 is divided by 87.
33
Calculate the remainder when 2535 is divided by 2528.
7
Calculate the remainder when 114690 is divided by 457.
440
What is the remainder when 185862 is divided by 8?
6
Calculate the remainder when 471 is divided by 65.
16
Calculate the remainder when 35566 is divided by 36.
34
Calculate the remainder when 12100 is divided by 133.
130
Calculate the remainder when 8411 is divided by 297.
95
What is the remainder when 320416 is divided by 3?
1
Calculate the remainder when 59621 is divided by 14898.
29
Calculate the remainder when 19088 is divided by 57.
50
What is the remainder when 2869 is divided by 160?
149
What is the remainder when 150782 is divided by 32?
30
Calculate the remainder when 931 is divided by 210.
91
What is the remainder when 5043 is divided by 202?
195
Calculate the remainder when 405465 is divided by 28.
25
What is the remainder when 3416 is divided by 561?
50
What is the remainder when 5618 is divided by 37?
31
What is the remainder when 1480 is divided by 109?
63
Calculate the remainder when 18860 is divided by 558.
446
Calculate the remainder when 65526 is divided by 2621.
1
What is the remainder when 13378 is divided by 3336?
34
What is the remainder when 178 is divided by 87?
4
Calculate the remainder when 31745 is divided by 3965.
25
Calculate the remainder when 801 is divided by 409.
392
What is the remainder when 9482 is divided by 211?
198
Calculate the remainder when 188230 is divided by 94113.
4
What is the remainder when 28203 is divided by 2169?
6
What is the remainder when 20796 is divided by 10395?
6
Calculate the remainder when 1288255 is divided by 180.
175
What is the remainder when 1157 is divided by 235?
217
What is the remainder when 79125 is divided by 117?
33
Calculate the remainder when 78447 is divided by 1670.
1627
Calculate the remainder when 223799 is divided by 7.
2
Calculate the remainder when 196527 is divided by 1927.
1900
What is the remainder when 320001 is divided by 61?
56
Calculate the remainder when 14009 is divided by 250.
9
What is the remainder when 4482 is divided by 275?
82
Calculate the remainder when 477184 is divided by 238564.
56
What is the remainder when 9232 is divided by 18?
16
Calculate the remainder when 38388 is divided by 96.
84
Calculate the remainder when 1017 is divided by 611.
406
Calculate the remainder when 14323 is divided by 4773.
4
What is the remainder when 8496 is divided by 654?
648
Calculate the remainder when 80275 is divided by 82.
79
What is the remainder when 1137 is divided by 921?
216
What is the remainder when 8917 is divided by 2622?
1051
Calculate the remainder when 90359 is divided by 90351.
8
Calculate the remainder when 124505 is divided by 248.
9
Calculate the remainder when 6664 is divided by 99.
31
What is the remainder when 939242 is divided by 56?
10
What is the remainder when 5318 is divided by 484?
478
What is the remainder when 38825 is divided by 635?
90
Calculate the remainder when 43550 is divided by 144.
62
Calculate the remainder when 16094 is divided by 5233.
395
Calculate the remainder when 19049 is divided by 71.
21
What is the remainder when 131488 is divided by 90?
88
What is the remainder when 198846 is divided by 1220?
1206
Calculate the remainder when 54942 is divided by 27462.
18
Calculate the remainder when 6661 is divided by 148.
1
Calculate the remainder when 14340 is divided by 305.
5
Calculate the remainder when 2216624 is divided by 345.
344
What is the remainder when 3196 is divided by 1108?
980
Calculate the remainder when 3661 is divided by 3223.
438
Calculate the remainder when 175128 is divided by 211.
209
Calculate the remainder when 592108 is divided by 1161.
1159
Calculate the remainder when 1154 is divided by 614.
540
What is the remainder when 4158 is divided by 1015?
98
What is the remainder when 6559 is divided by 2006?
541
Calculate the remainder when 16703 is divided by 134.
87
What is the remainder when 96337 is divided by 796?
21
What is the remainder when 98531 is divided by 357?
356
Calculate the remainder when 1331099 is divided by 29.
28
Calculate the remainder when 13578 is divided by 1043.
19
Calculate the remainder when 59929 is divided by 65.
64
Calculate the remainder when 7209 is divided by 7198.
11
What is the remainder when 5031 is divided by 129?
0
Calculate the remainder when 948 is divided by 706.
242
What is the remainder when 8599 is divided by 57?
49
Calculate the remainder when 119875 is divided by 22.
19
Calculate the remainder when 2288 is divided by 210.
188
What is the remainder when 3693 is divided by 3?
0
Calculate the remainder when 33860 is divided by 521.
516
What is the remainder when 48057 is divided by 8?
1
Calculate the remainder when 1532 is divided by 501.
29
What is the remainder when 3915 is divided by 433?
18
Calculate the remainder when 9143 is divided by 173.
147
Calculate the remainder when 239299 is divided by 289.
7
What is the remainder when 2885 is divided by 397?
106
What is the remainder when 13483 is divided by 4494?
1
Calculate the remainder when 4229 is divided by 604.
1
What is the remainder when 2406 is divided by 599?
10
Calculate the remainder when 159040 is divided by 26.
24
What is the remainder when 14908 is divided by 3720?
28
What is the remainder when 2360 is divided by 1102?
156
What is the remainder when 57765 is divided by 57652?
113
Calculate the remainder when 19312 is divided by 4.
0
Calculate the remainder when 197589 is divided by 288.
21
Calculate the remainder when 879 is divided by 637.
242
Calculate the remainder when 7730 is divided by 415.
260
Calculate the remainder when 204419 is divided by 551.
549
What is the remainder when 37624 is divided by 50?
24
What is the remainder when 45929 is divided by 29?
22
Calculate the remainder when 50964 is divided by 16969.
57
Calculate the remainder when 1622161 is divided by 191.
189
What is the remainder when 99665 is divided by 111?
98
Calculate the remainder when 6881 is divided by 229.
11
Calculate the remainder when 3048 is divided by 75.
48
What is the remainder when 12733 is divided by 759?
589
Calculate the remainder when 68415 is divided by 2073.
6
What is the remainder when 3007357 is divided by 740?
737
What is the remainder when 9163 is divided by 41?
20
What is the remainder when 87918 is divided by 10?
8
Calculate the remainder when 91553 is divided by 103.
89
Calculate the remainder when 1410 is divided by 143.
123
What is the remainder when 149586 is divided by 800?
786
Calculate the remainder when 4136 is divided by 554.
258
What is the remainder when 1839 is divided by 48?
15
Calculate the remainder when 80629 is divided by 93.
91
What is the remainder when 73873 is divided by 31?
0
What is the remainder when 1787 is divided by 130?
97
What is the remainder when 2598 is divided by 10?
8
Calculate the remainder when 318830 is divided by 386.
380
Calculate the remainder when 24246 is divided by 2678.
144
Calculate the remainder when 105323 is divided by 9.
5
What is the remainder when 5054 is divided by 138?
86
Calculate the remainder when 25816 is divided by 5146.
86
Calculate the remainder when 13569 is divided by 17.
3
What is the remainder when 30051 is divided by 410?
121
Calculate the remainder when 49445 is divided by 239.
211
Calculate the remainder when 30040 is divided by 116.
112
W